{"id":126,"date":"2018-04-02T16:40:13","date_gmt":"2018-04-02T14:40:13","guid":{"rendered":"http:\/\/web7.twominutes.de\/prachtklang2\/?page_id=126"},"modified":"2024-09-25T11:13:54","modified_gmt":"2024-09-25T09:13:54","slug":"termine","status":"publish","type":"page","link":"https:\/\/www.prachtklang.de\/?page_id=126","title":{"rendered":"Termine"},"content":{"rendered":"\n<p><\/p>\n\n\n<h2><span style=\"color: #993366;\"><strong>Termine Prachtklang<\/strong><\/span><\/h2>\n\n\n<p class=\"has-medium-font-size\"><strong>27.09.2024 Lange Klangnacht<\/strong> <\/p>\n\n\n\n<figure class=\"wp-block-image size-large\"><img loading=\"lazy\" decoding=\"async\" width=\"722\" height=\"1024\" src=\"https:\/\/www.prachtklang.de\/wp-content\/uploads\/2024\/09\/Klangmassage1-2-722x1024.jpg\" alt=\"\" class=\"wp-image-672\" srcset=\"https:\/\/www.prachtklang.de\/wp-content\/uploads\/2024\/09\/Klangmassage1-2-722x1024.jpg 722w, https:\/\/www.prachtklang.de\/wp-content\/uploads\/2024\/09\/Klangmassage1-2-212x300.jpg 212w, https:\/\/www.prachtklang.de\/wp-content\/uploads\/2024\/09\/Klangmassage1-2-768x1089.jpg 768w, https:\/\/www.prachtklang.de\/wp-content\/uploads\/2024\/09\/Klangmassage1-2-1083x1536.jpg 1083w, https:\/\/www.prachtklang.de\/wp-content\/uploads\/2024\/09\/Klangmassage1-2.jpg 1410w\" sizes=\"auto, (max-width: 722px) 100vw, 722px\" \/><\/figure>\n\n\n\n<p><\/p>\n\n\n\n<p><\/p>\n\n\n\n<p><\/p>\n\n\n\n<p class=\"has-medium-font-size\"><strong>Korfu-Retreat vom 26.10.-2.11.2024<\/strong> <\/p>\n\n\n\n<p class=\"has-medium-font-size\">Eins -Sein mit deiner Intuition und deiner Leidenschaft im Herzen von Mutter Erde<\/p>\n\n\n\n<p><\/p>\n\n\n\n<p>Von Olivenb\u00e4umen und aromatisch duftenden Zitronenb\u00e4umen umgeben<\/p>\n\n\n\n<p>darfst du dir in diesem Retreat Me-Time g\u00f6nnen. Im t\u00fcrkisblauen und<\/p>\n\n\n\n<p>kristallklaren Ozean spiegelt sich in unserem 1-w\u00f6chigen Retreats der<\/p>\n\n\n\n<p>Neumond, eine Energie, die wir nutzen wollen, um uns neu auszurichten.<\/p>\n\n\n\n<p>Wir bewegen uns in der wundervollen Herzchakra Energie der Erde in<\/p>\n\n\n\n<p>Griechenland. Diese Kraft und ihre bedingungslose Liebe wird dich mitnehmen<\/p>\n\n\n\n<p>in deine Tiefen der weiblichen Urkr\u00e4fte. Kl\u00e4nge, Frequenzen, Farben,<\/p>\n\n\n\n<p>Meditationen und Kundaliniyoga erleben wir fliessend und heilend, um dass,<\/p>\n\n\n\n<p>was wir wahrnehmen auf eine lichtvollere Ebene zu bringen. Du erf\u00e4hrst dich in<\/p>\n\n\n\n<p>der Herzverbindung tanzend, im Einklang mit den Elementen, der Natur, der<\/p>\n\n\n\n<p>Stille und Sch\u00f6nheit Deiner Selbst, sowie der heilenden Schwingung der Gruppe.<\/p>\n\n\n\n<p>Alles darf SEIN.<\/p>\n\n\n\n<p>Die griechische Insel bietet wundervolle Kraftpl\u00e4tze und unsere K\u00f6chin zaubert<\/p>\n\n\n\n<p>uns vielf\u00e4ltige K\u00f6stlichkeiten, die uns auf allen Ebenen n\u00e4hren. In der luxuri\u00f6sen<\/p>\n\n\n\n<p>Villa mit Blick \u00fcber den Ozean darfst Du die Zeit auf der fruchtbar bl\u00fchenden<\/p>\n\n\n\n<p>Insel Korfu genie\u00dfen.<\/p>\n\n\n\n<p>Inkludierte Leistungen:<\/p>\n\n\n\n<p>Unterbringung im geteilten Doppelzimmer in der Villa Anthelia<\/p>\n\n\n\n<p>vegan\/vegetarische Halbpension von unserer K\u00f6chin, Seminar mit<\/p>\n\n\n\n<p>Kundaliniyoga, Meditationen, Klang, chanten und t\u00f6nen und verschiedene<\/p>\n\n\n\n<p>Rituale und Begleitung durch zwei Consciousness Coaches , Ausfl\u00fcge zu<\/p>\n\n\n\n<p>sch\u00f6nen Kraftpl\u00e4tzen auf der wundervollen Insel, WhatsApp Gruppe f\u00fcr den<\/p>\n\n\n\n<p>Austausch mit der Gruppe<\/p>\n\n\n\n<p>Hier lesen f\u00fcr weitere Informationen:<\/p>\n\n\n\n<p>http:\/\/der-weg-der-liebe.de\/korfu-retreat.php<\/p>\n\n\n\n<figure class=\"wp-block-gallery has-nested-images columns-default is-cropped wp-block-gallery-1 is-layout-flex wp-block-gallery-is-layout-flex\">\n<figure class=\"wp-block-image size-large\"><img loading=\"lazy\" decoding=\"async\" width=\"768\" height=\"1024\" data-id=\"662\" src=\"https:\/\/www.prachtklang.de\/wp-content\/uploads\/2024\/06\/PHOTO-2024-01-13-14-48-00-3-768x1024.jpg\" alt=\"\" class=\"wp-image-662\" srcset=\"https:\/\/www.prachtklang.de\/wp-content\/uploads\/2024\/06\/PHOTO-2024-01-13-14-48-00-3-768x1024.jpg 768w, https:\/\/www.prachtklang.de\/wp-content\/uploads\/2024\/06\/PHOTO-2024-01-13-14-48-00-3-225x300.jpg 225w, https:\/\/www.prachtklang.de\/wp-content\/uploads\/2024\/06\/PHOTO-2024-01-13-14-48-00-3-1152x1536.jpg 1152w, https:\/\/www.prachtklang.de\/wp-content\/uploads\/2024\/06\/PHOTO-2024-01-13-14-48-00-3.jpg 1536w\" sizes=\"auto, (max-width: 706px) 89vw, (max-width: 767px) 82vw, 740px\" \/><\/figure>\n<\/figure>\n\n\n\n<figure class=\"wp-block-image size-large\"><img loading=\"lazy\" decoding=\"async\" width=\"768\" height=\"1024\" src=\"https:\/\/www.prachtklang.de\/wp-content\/uploads\/2024\/06\/PHOTO-2024-01-13-14-46-28-3-768x1024.jpg\" alt=\"\" class=\"wp-image-665\" srcset=\"https:\/\/www.prachtklang.de\/wp-content\/uploads\/2024\/06\/PHOTO-2024-01-13-14-46-28-3-768x1024.jpg 768w, https:\/\/www.prachtklang.de\/wp-content\/uploads\/2024\/06\/PHOTO-2024-01-13-14-46-28-3-225x300.jpg 225w, https:\/\/www.prachtklang.de\/wp-content\/uploads\/2024\/06\/PHOTO-2024-01-13-14-46-28-3-1152x1536.jpg 1152w, https:\/\/www.prachtklang.de\/wp-content\/uploads\/2024\/06\/PHOTO-2024-01-13-14-46-28-3.jpg 1536w\" sizes=\"auto, (max-width: 706px) 89vw, (max-width: 767px) 82vw, 740px\" \/><\/figure>\n","protected":false},"excerpt":{"rendered":"<p>Termine Prachtklang 27.09.2024 Lange Klangnacht Korfu-Retreat vom 26.10.-2.11.2024 Eins -Sein mit deiner Intuition und deiner Leidenschaft im Herzen von Mutter Erde Von Olivenb\u00e4umen und aromatisch duftenden Zitronenb\u00e4umen umgeben darfst du dir in diesem Retreat Me-Time g\u00f6nnen. Im t\u00fcrkisblauen und kristallklaren Ozean spiegelt sich in unserem 1-w\u00f6chigen Retreats der Neumond, eine Energie, die wir nutzen wollen, &hellip; <\/p>\n<p class=\"link-more\"><a href=\"https:\/\/www.prachtklang.de\/?page_id=126\" class=\"more-link\"><span class=\"screen-reader-text\">\u201eTermine\u201c<\/span> weiterlesen<\/a><\/p>\n","protected":false},"author":1,"featured_media":0,"parent":0,"menu_order":0,"comment_status":"closed","ping_status":"closed","template":"","meta":{"footnotes":""},"class_list":["post-126","page","type-page","status-publish","hentry"],"_links":{"self":[{"href":"https:\/\/www.prachtklang.de\/index.php?rest_route=\/wp\/v2\/pages\/126","targetHints":{"allow":["GET"]}}],"collection":[{"href":"https:\/\/www.prachtklang.de\/index.php?rest_route=\/wp\/v2\/pages"}],"about":[{"href":"https:\/\/www.prachtklang.de\/index.php?rest_route=\/wp\/v2\/types\/page"}],"author":[{"embeddable":true,"href":"https:\/\/www.prachtklang.de\/index.php?rest_route=\/wp\/v2\/users\/1"}],"replies":[{"embeddable":true,"href":"https:\/\/www.prachtklang.de\/index.php?rest_route=%2Fwp%2Fv2%2Fcomments&post=126"}],"version-history":[{"count":42,"href":"https:\/\/www.prachtklang.de\/index.php?rest_route=\/wp\/v2\/pages\/126\/revisions"}],"predecessor-version":[{"id":678,"href":"https:\/\/www.prachtklang.de\/index.php?rest_route=\/wp\/v2\/pages\/126\/revisions\/678"}],"wp:attachment":[{"href":"https:\/\/www.prachtklang.de\/index.php?rest_route=%2Fwp%2Fv2%2Fmedia&parent=126"}],"curies":[{"name":"wp","href":"https:\/\/api.w.org\/{rel}","templated":true}]}}